{"id":1807,"date":"2025-05-14T16:27:30","date_gmt":"2025-05-14T16:27:30","guid":{"rendered":"https:\/\/atmsrv01.synology.me\/wordpress\/?page_id=1807"},"modified":"2025-06-25T15:12:18","modified_gmt":"2025-06-25T15:12:18","slug":"servicios-y-repuestos-para-turbinas-de-gas","status":"publish","type":"page","link":"https:\/\/atmsrv01.synology.me\/wordpress\/servicios-y-repuestos-para-turbinas-de-gas\/","title":{"rendered":"Servicios y Repuestos para turbinas de gas"},"content":{"rendered":"<div class=\"wpb-content-wrapper\"><p>[vc_row equal_height=\u00bbyes\u00bb content_placement=\u00bbmiddle\u00bb][vc_column width=\u00bb1\/2&#8243;]<div class=\"cz_gap clr  hide_on_mobile\" style=\"height: 110px\"><\/div><div class=\"cz_gap show_on_mobile clr\" style=\"height: 10px\"><\/div><div id=\"cz_33165\" class=\"cz_33165 cz_title clr cz_title_pos_inline tac hide_on_tablet hide_on_mobile show_on_desktop\"><div class=\"cz_title_shape shape_image cz_shape_1\"><img decoding=\"async\" width=\"228\" height=\"400\" src=\"https:\/\/atmsrv01.synology.me\/wordpress\/wp-content\/uploads\/2025\/05\/HOJA.png\" class=\"attachment-full\" alt=\"HOJA\" srcset=\"https:\/\/atmsrv01.synology.me\/wordpress\/wp-content\/uploads\/2025\/05\/HOJA.png 228w, https:\/\/atmsrv01.synology.me\/wordpress\/wp-content\/uploads\/2025\/05\/HOJA-171x300.png 171w, https:\/\/atmsrv01.synology.me\/wordpress\/wp-content\/uploads\/2025\/05\/HOJA-7x12.png 7w\" sizes=\"auto, (max-width: 228px) 100vw, 228px\" loading=\"lazy\" \/><\/div><div class=\"cz_title_content\"><div class=\"cz_wpe_content\"><h2 style=\"text-align: center; text-transform: uppercase;\">Servicios y Repuestos para<\/h2>\n<h2 style=\"text-align: center; text-transform: uppercase;\"><span style=\"color: #186735;\">turbinas de gas<\/span><\/h2>\n<\/div><\/div><\/div><div id=\"cz_50236\" class=\"cz_50236 cz_title clr cz_title_pos_inline tac\"><div class=\"cz_title_content\"><div class=\"cz_wpe_content\"><p style=\"text-align: center;\"><span style=\"font-size: 20px; color: #666666;\">Grupo ATM es especialista en provisi\u00f3n de repuestos y servicios para turbinas a gas.<br \/>\n<\/span><\/p>\n<\/div><\/div><\/div><div class=\"cz_gap clr  hide_on_mobile\" style=\"height: 20px\"><\/div><div class=\"cz_gap show_on_mobile clr\" style=\"height: 50px\"><\/div>[\/vc_column][vc_column width=\u00bb1\/2&#8243;]<div class=\"cz_gap clr  hide_on_mobile\" style=\"height: 20px\"><\/div><div class=\"cz_gap show_on_mobile clr\" style=\"height: 50px\"><\/div><div id=\"cz_31933\" data-position=\"top-right\" class=\"cz_31933 cz_image clr cz_image_no_fx center_on_mobile\"><div class=\"cz_svg_bg\" ><div class=\"cz_image_in\"><div class=\"cz_main_image\"><img fetchpriority=\"high\" loading=\"eager\" decoding=\"sync\" data-no-lazy=\"1\" width=\"768\" height=\"412\" src=\"https:\/\/atmsrv01.synology.me\/wordpress\/wp-content\/uploads\/2025\/05\/turbinas1.jpg\" class=\"attachment-full\" alt=\"Turbinas1\" title=\"turbinas1\" srcset=\"https:\/\/atmsrv01.synology.me\/wordpress\/wp-content\/uploads\/2025\/05\/turbinas1.jpg 768w, https:\/\/atmsrv01.synology.me\/wordpress\/wp-content\/uploads\/2025\/05\/turbinas1-300x161.jpg 300w, https:\/\/atmsrv01.synology.me\/wordpress\/wp-content\/uploads\/2025\/05\/turbinas1-600x322.jpg 600w\" sizes=\"(max-width: 768px) 100vw, 768px\"  \/><\/div><\/div><\/div><\/div>[\/vc_column][\/vc_row][vc_row][vc_column]<div class=\"cz_gap clr  hide_on_mobile\" style=\"height: 30px\"><\/div><div class=\"cz_gap show_on_mobile clr\" style=\"height: 50px\"><\/div><div id=\"cz7104\" class=\"cz7104 slick arrows_mlr no_dots\" data-slick='{\"selector\":\"\",\"slidesToShow\":4,\"slidesToScroll\":1,\"rows\":1,\"fade\":false,\"vertical\":false,\"verticalSwiping\":false,\"infinite\":true,\"speed\":1000,\"swipeToSlide\":true,\"centerMode\":false,\"centerPadding\":\"\",\"variableWidth\":false,\"autoplay\":false,\"autoplaySpeed\":4000,\"dots\":true,\"counts\":false,\"responsive\":[{\"breakpoint\":769,\"settings\":{\"slidesToShow\":2,\"slidesToScroll\":1,\"infinite\":true,\"touchMove\":true}},{\"breakpoint\":481,\"settings\":{\"slidesToShow\":1,\"slidesToScroll\":1,\"infinite\":true,\"touchMove\":true}}]}' data-slick-prev=\"fa fa-chevron-left\" data-slick-next=\"fa fa-chevron-right\"><div id=\"cz_76058\" class=\"cz_grid_p cz_76058\"><div class=\"cz_grid cz_grid_1 clr cz_grid_carousel cz_grid_1_no_title cz_grid_1_mid tac cz_grid_1_no_title\"><div class=\"cz_grid_item cz_grid_first\"><\/div><div class=\"cz_grid_item \"><div data-title=\"SRTG\"><a class=\"cz_grid_link \" href=\"https:\/\/atmsrv01.synology.me\/wordpress\/wp-content\/uploads\/2025\/05\/SRTG.jpg\" data-xtra-lightbox><img decoding=\"async\" class=\"\" src=\"https:\/\/atmsrv01.synology.me\/wordpress\/wp-content\/uploads\/2025\/05\/SRTG-300x200.jpg\" width=\"300\" height=\"200\" alt=\"SRTG\" title=\"SRTG\" loading=\"lazy\" \/><div class=\"cz_grid_details\"><i class=\"fa fa-search cz_grid_icon\"><\/i><\/div><\/a><\/div><\/div><div class=\"cz_grid_item \"><div data-title=\"SRTG1\"><a class=\"cz_grid_link \" href=\"https:\/\/atmsrv01.synology.me\/wordpress\/wp-content\/uploads\/2025\/05\/SRTG1.jpg\" data-xtra-lightbox><img decoding=\"async\" class=\"\" src=\"https:\/\/atmsrv01.synology.me\/wordpress\/wp-content\/uploads\/2025\/05\/SRTG1-300x200.jpg\" width=\"300\" height=\"200\" alt=\"SRTG1\" title=\"SRTG1\" loading=\"lazy\" \/><div class=\"cz_grid_details\"><i class=\"fa fa-search cz_grid_icon\"><\/i><\/div><\/a><\/div><\/div><div class=\"cz_grid_item \"><div data-title=\"SRTG2\"><a class=\"cz_grid_link \" href=\"https:\/\/atmsrv01.synology.me\/wordpress\/wp-content\/uploads\/2025\/05\/SRTG2.jpg\" data-xtra-lightbox><img decoding=\"async\" class=\"\" src=\"https:\/\/atmsrv01.synology.me\/wordpress\/wp-content\/uploads\/2025\/05\/SRTG2-300x200.jpg\" width=\"300\" height=\"200\" alt=\"SRTG2\" title=\"SRTG2\" loading=\"lazy\" \/><div class=\"cz_grid_details\"><i class=\"fa fa-search cz_grid_icon\"><\/i><\/div><\/a><\/div><\/div><div class=\"cz_grid_item \"><div data-title=\"SRTG3\"><a class=\"cz_grid_link \" href=\"https:\/\/atmsrv01.synology.me\/wordpress\/wp-content\/uploads\/2025\/05\/SRTG3.jpg\" data-xtra-lightbox><img decoding=\"async\" class=\"\" src=\"https:\/\/atmsrv01.synology.me\/wordpress\/wp-content\/uploads\/2025\/05\/SRTG3-300x200.jpg\" width=\"300\" height=\"200\" alt=\"SRTG3\" title=\"SRTG3\" loading=\"lazy\" \/><div class=\"cz_grid_details\"><i class=\"fa fa-search cz_grid_icon\"><\/i><\/div><\/a><\/div><\/div><div class=\"cz_grid_item \"><div data-title=\"SRTG4\"><a class=\"cz_grid_link \" href=\"https:\/\/atmsrv01.synology.me\/wordpress\/wp-content\/uploads\/2025\/05\/SRTG4.jpg\" data-xtra-lightbox><img decoding=\"async\" class=\"\" src=\"https:\/\/atmsrv01.synology.me\/wordpress\/wp-content\/uploads\/2025\/05\/SRTG4-300x200.jpg\" width=\"300\" height=\"200\" alt=\"SRTG4\" title=\"SRTG4\" loading=\"lazy\" \/><div class=\"cz_grid_details\"><i class=\"fa fa-search cz_grid_icon\"><\/i><\/div><\/a><\/div><\/div><div class=\"cz_grid_item \"><div data-title=\"SRTG5\"><a class=\"cz_grid_link \" href=\"https:\/\/atmsrv01.synology.me\/wordpress\/wp-content\/uploads\/2025\/05\/SRTG5.jpg\" data-xtra-lightbox><img decoding=\"async\" class=\"\" src=\"https:\/\/atmsrv01.synology.me\/wordpress\/wp-content\/uploads\/2025\/05\/SRTG5-300x200.jpg\" width=\"300\" height=\"200\" alt=\"SRTG5\" title=\"SRTG5\" loading=\"lazy\" \/><div class=\"cz_grid_details\"><i class=\"fa fa-search cz_grid_icon\"><\/i><\/div><\/a><\/div><\/div><\/div><\/div><\/div><div data-cz-style='#cz7104 .slick-list{margin: 0 -5px;clip-path:inset(0 calc(5px - 1px))}#cz7104 .slick-slide{margin: 0 5px}'><\/div><div class=\"cz_gap clr  hide_on_mobile\" style=\"height: 80px\"><\/div><div class=\"cz_gap show_on_mobile clr\" style=\"height: 50px\"><\/div>[\/vc_column][\/vc_row][vc_row full_width=\u00bbstretch_row\u00bb css=\u00bb.vc_custom_1747187823971{background-color: #F4F4F4 !important;}\u00bb][vc_column width=\u00bb1\/2&#8243;]<div class=\"cz_gap clr  hide_on_mobile\" style=\"height: 40px\"><\/div><div class=\"cz_gap show_on_mobile clr\" style=\"height: 50px\"><\/div><div id=\"cz_64580\" class=\"cz_64580 cz_title clr cz_title_pos_inline\"><div class=\"cz_title_content\"><div class=\"cz_wpe_content\"><p style=\"text-align: justify;\"><span style=\"font-size: 16px; color: #666666;\"><strong>Servicios<br \/>\n<\/strong>Estamos en condiciones de ofrecer productos y servicios en la modalidad llave en mano, es decir Grupo ATM se encarga de todos los aspectos del proyecto, desde la planificaci\u00f3n hasta la entrega final, listo para ser utilizado.<\/span><\/p>\n<p>&nbsp;<\/p>\n<p><strong>Tipos de equipos en los que trabajamos<\/strong><\/p>\n<p>&nbsp;<\/p>\n<p><span style=\"font-size: 16px; color: #666666;\">\u2022 Turbina y comprensor, brida a brida, repuestos y servicios especializados<br \/>\n\u2022 Reductoras de potencia y de auxiliares<br \/>\n\u2022 Alternador y excitatriz<br \/>\n\u2022 Escapes, chimeneas, dampers y silenciadores<br \/>\n\u2022 Sistema de control y protecciones<br \/>\n\u2022 Auxiliares espec\u00edficos embarcados sobre la marca<br \/>\n\u2022 Auxiliares de planta<br \/>\n\u2022 Sistema de suministros de combustible l\u00edquido o gas<br \/>\n\u2022 Subestaci\u00f3n y patio de alta tensi\u00f3n<br \/>\n\u2022 Sistema de protecci\u00f3n contra incendio<br \/>\n\u2022 Sistema de suministro y distribuci\u00f3n de agua<br \/>\n<\/span><\/p>\n<\/div><\/div><\/div><div class=\"cz_gap clr  hide_on_mobile\" style=\"height: 30px\"><\/div><div class=\"cz_gap show_on_mobile clr\" style=\"height: 50px\"><\/div>[\/vc_column][vc_column width=\u00bb1\/2&#8243;]<div class=\"cz_gap clr  hide_on_mobile\" style=\"height: 40px\"><\/div><div class=\"cz_gap show_on_mobile clr\" style=\"height: 50px\"><\/div><div id=\"cz_66040\" class=\"cz_66040 cz_title clr cz_title_pos_inline\"><div class=\"cz_title_content\"><div class=\"cz_wpe_content\"><p><span style=\"font-size: 16px; color: #666666;\"><strong>Nuestro Enfoque<\/strong><\/span><\/p>\n<p><span style=\"font-size: 16px; color: #666666;\"><span style=\"font-size: 16px; color: #666666;\">Grupo ATM se enfoca de manera especial en las m\u00e1quinas de tecnolog\u00eda convencional GE FR3, FR5, FR6, FR9, PGT5 Y PGT10 en ciclo abierto o combinado, operadas con gas natural, de s\u00edntesis, biog\u00e1s o combustible l\u00edquido.<\/span><\/span><\/p>\n<p><span style=\"font-size: 16px; color: #666666;\"><span style=\"font-size: 16px; color: #666666;\"><br \/>\nProveemos tambi\u00e9n estos mismos servicios y repuestos para m\u00e1quinas GE, Siemens, PWPS, solar industriales o aeroderivadas.<\/span><\/span><\/p>\n<p><span style=\"font-size: 16px; color: #666666;\"><span style=\"font-size: 16px; color: #666666;\"><br \/>\nGrupo ATM tiene un departamento de instrumentaci\u00f3n y control, experimentado en sistemas de control tipo GE Mark 2, Mark 4, Mark 5 y Mark 6, as\u00ed como sistemas abiertos tipo Allen Bradley TMS1000, Sentinel, Siemens T3000.<br \/>\n<\/span><\/span><\/p>\n<\/div><\/div><\/div><div class=\"cz_gap clr  hide_on_mobile\" style=\"height: 30px\"><\/div><div class=\"cz_gap show_on_mobile clr\" style=\"height: 50px\"><\/div><div id=\"cz_67184\" class=\"cz_67184 cz_title clr cz_title_pos_inline\"><div class=\"cz_title_content\"><div class=\"cz_wpe_content\"><p><span style=\"font-size: 16px; color: #666666;\"><strong>Repuestos<\/strong><\/span><\/p>\n<p><span style=\"font-size: 16px; color: #666666;\"><span style=\"font-size: 16px; color: #666666;\">Como Grupo ATM siempre proveemos de repuestos originales.<br \/>\n<\/span><\/span><\/p>\n<\/div><\/div><\/div><div class=\"cz_gap clr  hide_on_mobile\" style=\"height: 30px\"><\/div><div class=\"cz_gap show_on_mobile clr\" style=\"height: 50px\"><\/div>[\/vc_column][\/vc_row][vc_row][vc_column]<div class=\"cz_gap clr  hide_on_mobile\" style=\"height: 30px\"><\/div><div class=\"cz_gap show_on_mobile clr\" style=\"height: 50px\"><\/div>[\/vc_column][\/vc_row]<\/p>\n<\/div>","protected":false},"excerpt":{"rendered":"[vc_row equal_height=\"yes\" content_placement=\"middle\"][vc_column width=\"1\/2\"]Servicios y Repuestos para turbinas de gas Grupo ATM es especialista en provisi\u00f3n de repuestos y servicios","protected":false},"author":2,"featured_media":0,"parent":0,"menu_order":0,"comment_status":"closed","ping_status":"closed","template":"","meta":{"footnotes":""},"class_list":["post-1807","page","type-page","status-publish","hentry"],"_links":{"self":[{"href":"https:\/\/atmsrv01.synology.me\/wordpress\/wp-json\/wp\/v2\/pages\/1807","targetHints":{"allow":["GET"]}}],"collection":[{"href":"https:\/\/atmsrv01.synology.me\/wordpress\/wp-json\/wp\/v2\/pages"}],"about":[{"href":"https:\/\/atmsrv01.synology.me\/wordpress\/wp-json\/wp\/v2\/types\/page"}],"author":[{"embeddable":true,"href":"https:\/\/atmsrv01.synology.me\/wordpress\/wp-json\/wp\/v2\/users\/2"}],"replies":[{"embeddable":true,"href":"https:\/\/atmsrv01.synology.me\/wordpress\/wp-json\/wp\/v2\/comments?post=1807"}],"version-history":[{"count":6,"href":"https:\/\/atmsrv01.synology.me\/wordpress\/wp-json\/wp\/v2\/pages\/1807\/revisions"}],"predecessor-version":[{"id":2109,"href":"https:\/\/atmsrv01.synology.me\/wordpress\/wp-json\/wp\/v2\/pages\/1807\/revisions\/2109"}],"wp:attachment":[{"href":"https:\/\/atmsrv01.synology.me\/wordpress\/wp-json\/wp\/v2\/media?parent=1807"}],"curies":[{"name":"wp","href":"https:\/\/api.w.org\/{rel}","templated":true}]}}